ppose r*c - 22*c + 95 = 0. Suppose -c*s + 7*s = -5772. Is s a composite number?
True
Let q(i) = -2583*i + 122. Is q(-1) a prime number?
False
Suppose 0*s + 7*s = 71393. Suppose 5*l - 2*u - 16977 = 0, 2*u + 0*u = -3*l + s. Is l a composite number?
True
Suppose d - 163921 = m + 148834, -2*m + 938235 = 3*d. Is d a prime number?
False
Let x(k) = -28440*k + 229. Is x(-3) a composite number?
False
Suppose 5*u - 25 = -5*m, 4*m + 0*u = -5*u + 23. Suppose -433 - 22921 = -m*i. Is i a composite number?
False
Suppose -164654 - 28720246 = -30*u. Suppose 19*g - u = -3*g. Is g composite?
True
Is (1*-2)/(((-6)/(-3062))/(29973/(-206))) a composite number?
True
Suppose 2*b + 38 - 40 = 0. Is 2517*(-2 + b)*9/(-27) prime?
True
Let n(u) = -10858*u + 963. Is n(-8) composite?
True
Suppose 5*c - 172254 = -2*a - a, -4*a + 6*c = -229558. Is a a prime number?
False
Suppose 6*m - 258 = -18. Let b = m - 38. Suppose 0 = l + 1 + 4, -5*l - 2231 = -b*h. Is h a prime number?
True
Suppose -15*n + 262405 = -195080. Is n prime?
False
Suppose 32*t = 328 - 72. Suppose t*o + 7367 = 9*o. Is o a prime number?
False
Suppose -2*m = -3*t - 7821580, 25*m - 21*m - 2*t - 15643152 = 0. Is m prime?
True
Let p = -122480 - -214317. Is p a prime number?
True
Suppose 74*z - 1003858 = 1169004. Is z a composite number?
False
Let o(c) = 571*c - 13*c**3 + 17 - 1143*c + 576*c. Is o(-5) a prime number?
False
Suppose -152 + 100 = -13*k. Is 2 + (8757/(-14))/(k/(-40)) a prime number?
True
Let o = 63748 + -22367. Is o a prime number?
True
Suppose 4639444 = -89*c + 26206725. Is c a composite number?
False
Let j = 183926 + -77788. Is j a composite number?
True
Suppose -t = t - 4, 5*h = -2*t + 14. Suppose 4328 = -h*o + 6*o. Is o composite?
True
Let u be 2/5*(1 + 2 + 2). Suppose 2*x - 2*d = 3*d + 3888, -u*x - 2*d + 3902 = 0. Is x a prime number?
True
Suppose -3*o + 4*x + 870241 = 0, 626*o - 4*x - 1160324 = 622*o. Is o composite?
False
Let w = -30 + 30. Let b be -3 - (2 - w - 7). Is 4592/24 - 1/6*b prime?
True
Let p(o) = 8*o**2 + 111*o + 320. Is p(77) prime?
True
Let z(s) = 2*s**2 + 6*s - 1. Let d be z(-6). Let o(m) = 55*m + 19 - d*m + 76*m. Is o(8) a composite number?
False
Let f = 180022 - 95823. Is f composite?
False
Suppose 4*l + 4049 - 358271 - 59822 = 0. Is l prime?
True
Let k(v) = -v**2 - 3*v + 3. Let j be k(-4). Let i be -1 - j/(5/(-10)). Let c(q) = -350*q - 11. Is c(i) prime?
True
Suppose -13478087 + 4107104 - 9378042 = -225*j. Is j composite?
True
Let g(t) = -t - 25. Let o be g(-7). Let y be (3 - o/(-10))*(-15)/(-6). Suppose -28987 = -3*x - z - y*z, -4*x = 4*z - 38648. Is x composite?
False
Suppose v - 11 = -s, -3*s - v - 7 = -6*v. Let l(k) = 4*k**2 - k - 2. Let z be l(-2). Suppose s - z = -w. Is w a prime number?
False
Suppose -8*r - 16 = -12*r. Suppose 3*y + 32924 = 5*k - 23576, -r*k - 4*y + 45232 = 0. Is k composite?
True
Suppose 82*a - 2021 = 39*a. Let r = 103 - -103. Suppose 4*s - r = -t - 2*t, s + 3*t - a = 0. Is s a composite number?
False
Suppose -4*y = -5*b - 47, -3*y - 3*b - 33 = -6*y. Suppose -5*k = -y*k + 24. Suppose k*h = 7*h + 877. Is h prime?
True
Suppose 4*g = 4, -4*v + 4929 + 10494 = -g. Suppose -345 - v = -s. Is s a prime number?
True
Suppose a = 1, 3*o + 4*a = 2*a + 59342. Let m = 41889 - o. Is m prime?
True
Suppose 5*a + o = 783596, 3*o = -3*a + 378637 + 91523. Is a composite?
False
Let p = -62 + 69. Suppose p*n - 4*c = 4*n - 8518, 5*c = -5*n - 14255. Is 5*n*5/(-50) prime?
True
Let p(q) = 9931*q - 771. Is p(4) a prime number?
True
Let f(o) = 1406*o**2 - 19*o - 349. Is f(24) composite?
False
Suppose -3*i + z + 523367 = 0, -i + 137*z + 174449 = 135*z. Is i composite?
False
Let m(x) = -768*x + 577. Is m(-107) a prime number?
False
Let u(j) = 3*j**2 - 7*j - 48. Let s be u(15). Let o = -64 + s. Is o a composite number?
True
Let w be -3 + 1 + 0 + 0 + 6. Suppose 3484 = w*k - 4072. Is k prime?
True
Let i be (-487)/2*18/(-3). Let t = 491 + -147. Let g = i - t. Is g prime?
True
Let u be 1784/28 + 4/14. Suppose 46*r + 8874 = u*r. Is r a prime number?
False
Suppose -2*l - h - 2531 = 0, l - 3*h = -4*l - 6333. Let t be (l/9)/(2/(-123)). Suppose -9*v + t - 56 = 0. Is v composite?
True
Let r(m) = 14*m + 108. Let y be r(-8). Is (-3)/((-6)/(y + 10)) + 11050 a prime number?
False
Let b = -56011 + 321148. Is b a composite number?
True
Let y be (12/9)/(1/9). Suppose -y*f - 68 = 5*f. Is f + 5646*4/8 a prime number?
True
Let y(s) = 17*s**3 + 18*s**2 + 34*s + 9. Let b be y(10). Suppose b - 143579 = -46*r. Is r composite?
True
Let g(h) = h**2 - 5*h + 4. Let t be g(3). Is 14/t + 1746 + -4 composite?
True
Suppose 4*b - 20 = i, 2*i = -5*b + 7*i + 25. Suppose 0 = r, -b*t + t + 508 = 2*r. Is t a prime number?
True
Suppose 0 = 46*p - 22*p + 744. Let x(t) = -3703*t - 246. Is x(p) prime?
True
Let o(u) be the first derivative of 19*u**6/90 - u**4/8 + 4*u**3/3 - 25. Let x(r) be the third derivative of o(r). Is x(-2) a prime number?
False
Let o = -11124 - -56723. Is o a composite number?
False
Let x = 487241 + -191612. Is x prime?
False
Let z = 1354271 - 738798. Is z a prime number?
True
Let i(x) = 32*x**2 + 3*x - 13. Let d be i(3). Let s = 1288 + d. Suppose 5*f = -4*l + 3*f + s, 2*f = 4*l - 1572. Is l prime?
False
Let u(f) = f**3 + 35*f**2 - 17*f + 217. Is u(-26) a prime number?
False
Suppose -5*u = 10, 0*g + 2*u + 14 = 5*g. Suppose 3*k = k - g*t + 136, 5*k = 4*t + 349. Suppose 2*f - 818 = -4*s, -f - k = s - 481. Is f prime?
False
Let k(c) be the third derivative of 1705*c**4/24 - 8*c**3/3 - 7*c**2 - 6*c. Is k(3) a prime number?
True
Let j be (-68)/(-18) - (6 + 392/(-63)). Suppose 8*a = 5*a - j*d + 8436, -2*d - 14086 = -5*a. Let t = a + -1245. Is t prime?
True
Let w(o) = 2*o**2 + 2*o + 82. Let x be w(0). Suppose -3*j = -3*c - 48, -c + 3*j - x = 4*c. Let g = c - -26. Is g a composite number?
True
Let r(z) = 657*z**2 + 15*z + 43. Is r(-4) a composite number?
True
Let z(c) = -c**3 + 9*c**2 - 26*c + 48. Let l be z(-35). Suppose -7*d = -13*d + l. Is d a prime number?
False
Let p = 28762 - 17501. Suppose -27519 = -28*q + p. Is q prime?
False
Let g(p) = p**3 - p**2 + 743*p + 823. Is g(72) a composite number?
True
Suppose -9*n = -91 + 19. Suppose -n*v = -15*v. Is v + 0/(-3) - (-9354)/6 a composite number?
False
Let d(y) = y**2 - 15*y + 31. Let c be d(13). Suppose 4*h - 2 = 2*u - 8, -4*u = -3*h - 12. Suppose -2*x + 3111 = c*b, -u*b + b + 1553 = x. Is x composite?
False
Let o(y) = 366*y**2 + 29*y - 4. Is o(-3) prime?
True
Suppose -q + 8*l - 39 = 4*l, 5*q - 4*l = -115. Let p(c) = -c**2 - 17*c + 38. Let n be p(q). Suppose 0 = 3*b - n*y + 3*y - 438, 149 = b + 4*y. Is b composite?
True
Let g be 4 - 1*(-7828 - 3). Let r = g - 2104. Is r a prime number?
False
Let y(r) = r**3 - 30*r**2 + 58*r + 28. Let x be y(29). Suppose -4*n = 4*b - 15940, 4*n - 19054 = -5*b + x. Is b a prime number?
False
Let l be 4/1 + -2 - 34. Let a = -12 - l. Suppose -a*q + 1336 = -16*q. Is q prime?
False
Is (-15)/6 + (-4880554)/(-92) a composite number?
False
Let n(p) = p**2 - 56*p + 1325. Is n(-36) prime?
True
Suppose -4*n + 15 - 91 = 0. Let p = -16 - n. Is (p + -1)/((-7)/(-973)) prime?
False
Suppose -2*n - 38 = 30. Let r(v) = v**3 + 40*v**2 - 56*v + 51. Is r(n) prime?
False
Let w be 8/(-16)*(-2 - (27563 + -3)). Let z = w - 9750. Is z prime?
False
Suppose 1859*k - 1842*k = 4114. Let g = 86 - -82. Suppose -2*h + 4*l = h - k, -2*h + g = -4*l. Is h composite?
True
Let v = 7999 - -3678. Is v a prime number?
True
Suppose 18*z - 11 - 7 = 0. Let o(q) = 1361*q**2 + q - 1. Is o(z) a composite number?
False
Suppose -o + 16375 = -3312. Suppose 58656 = 19*n + o. Is n prime?
False
Let r(g) = g**3 - 65*g**2 - 68*g - 815. Is r(94) prime?
True
Let l = -23524 - -47831. Is l a composite number?
True
Suppose -24*r + 1881430 = -2999998 - 97276. Is r composite?
True
Let x(u) = -u**3 + u - 5. Let p be x(0). Let b be (6*14/105)/((-2)/p). Suppose -3*j + j + b*k = -17776, 5*k = 3*j - 26670. Is j a composite number?
True
Suppose -65 = k + 73. Is (-25625)/(-6) + (-23)/k prime?
True
Let r be (8 + 1)*(1 + (-4)/6). Let w be (-27)/(r/(-9)*1). Suppose -w = 3*u - 3342. Is u a composite number?
False
Suppose -59*i + 61*i = 10. Is -3 + (0 - i - -100741) a composite number?
False
Let l(x) = -2*x + 18. Let c be l(7). Is (-89898)/(-4)*c/6 prime?
True
Suppose 10*g - 14 = 24*g. Is 1365 - 64/(-